+ 35*y**2 + 38*y - 59. What is the hundreds digit of a(17)?
8
Let p = -15 - -31. Suppose 0 = -3*t + 2*d + p, -7 = -t + 2*d + 1. Suppose -2*b = 2*a - 30, -2*b + t*a + 4 = -2. What is the units digit of b?
1
Let d = 1159 - 714. What is the tens digit of d?
4
Let a = -3 - 6. Let u = a + 46. What is the units digit of u?
7
Suppose 868 = 4*b + 48. What is the units digit of b?
5
Let k = -1 + 4. Suppose 3*a + 6 = x - 50, 2*x = k*a + 103. Suppose j = 5*p - 9, -j - j = 3*p - x. What is the units digit of j?
6
Let y = -9 - -5. Let f be y/(-10) + 26/10. Suppose 0 = -2*t - f*t + 150. What is the units digit of t?
0
Suppose -4*h - 1190 = -5*u, 2*u = -2*u + 5*h + 943. Let c = -169 + u. What is the tens digit of c?
7
Let f(t) = 5*t**3 - t**2 + t. Let u be f(1). Suppose 4*y + 4 = 3*r - 0, -2*y = u*r - 50. What is the units digit of -6*(2 + r/(-3))?
4
Suppose 4*p - 3*r = -36, -3*r = -2*p - 2*r - 18. Let x be 221/(-5) - (-2)/10. Let v = p - x. What is the tens digit of v?
3
Let z be (-4)/((-16)/34) - (-1)/2. Suppose -z*m - 38 = -2351. What is the units digit of m?
7
Suppose -2*t + 15 = -7*t, -3*a - 2*t = -543. Suppose 2*x - o = -2*x + a, -20 = -4*o. Let d = x - 24. What is the units digit of d?
3
Let n be -12 + 5 + (-6)/3. Let o = 36 - n. What is the units digit of o?
5
Suppose 0 = -622*u + 615*u + 889. What is the tens digit of u?
2
Let m = -28 + 205. Suppose 0 = 2*h - 299 - m. What is the units digit of h?
8
Suppose 45 + 11 = 2*t. Suppose -5*f - 3 = -t, 3*p + f = 167. What is the tens digit of p?
5
Let b = 95 + -97. What is the units digit of 6/9 - b - (-4)/(-6)?
2
Let l be (0 - 755/15)*-18. What is the units digit of 6/15 + l/10?
1
Let r = 3688 + -2452. What is the units digit of r?
6
Suppose -2*r + 3 = -3*w - 1, -5*r = -5*w - 15. Suppose 0 = -w*t + 4*t - 10. Let p = 9 + t. What is the units digit of p?
4
What is the units digit of (100 - 1)*54/27?
8
Suppose -5*t - 2*c = 2*c, -3*t = -2*c. Suppose t = u + 4 - 44. What is the units digit of u?
0
Suppose -4*v + 18 = 18. Suppose v = 9*x - 4*x - 1130. What is the hundreds digit of x?
2
Suppose 3*o + v = 7*o - 4456, 4476 = 4*o + 4*v. What is the units digit of o?
5
Let y = 285 + 68. What is the units digit of y?
3
Suppose 8611 - 2381 = 10*r. What is the hundreds digit of r?
6
Let q = -33 - -77. Suppose -11*h + q = -9*h. What is the units digit of h?
2
Let c be ((-2)/3)/((-1)/(-6)). Let n be (-144)/(-3) - (1 + c). Let r = n - 34. What is the units digit of r?
7
Let m be 4/26 - (-15)/39*10. What is the units digit of 2/(2 - m) + 172?
1
Let j = -250 - -309. What is the tens digit of j?
5
Suppose 0 = 9*w - 6*w + 132. Let v = 114 + w. What is the units digit of v?
0
Let f(b) = 2*b**3 + 2*b**2 - b**2 + b**3. Let w be f(1). Let m = 7 - w. What is the units digit of m?
3
Let k(w) = -w**2 + 18*w - 39. Let r be k(14). Let x = r + 140. What is the units digit of x?
7
What is the tens digit of 1464 + (-10 - -11)*5?
6
Suppose 530 = 5*h + 3*b, 10*b - 5*b + 352 = 3*h. What is the units digit of h?
9
Let a(r) = 7*r - 3. Let j be a(-1). Let y(n) = n**2 + 10*n. Let i be y(j). Suppose i = 3*b + 83 - 260. What is the units digit of b?
9
Suppose 5*z = 3*r + 16, 2*r + 2 = -3*z + 4. Let q(x) = -10*x**2 - 7 + 9*x**z - 3 - 10*x. What is the units digit of q(-7)?
1
Let o(i) = 124*i - 274. What is the hundreds digit of o(30)?
4
Suppose -3*n + f - 2*f + 11 = 0, -4*n = 4*f - 4. Suppose -2*i + y = -17, -46 = -n*i - 4*y + 29. What is the units digit of i - 1 - 15/5?
7
Let b = 3 - 1. Let y be 9/(-5) - (-3)/(-15). What is the units digit of 51/b + 3/y?
4
Let z(u) = -u**3 - 9*u**2. Let v be z(-9). Suppose v = 3*l - 2 + 14. What is the units digit of (l/10)/(6/(-420))?
8
Let q(v) = 8*v**2 + 3*v + 1. Let k = 3 - 5. Let b be q(k). Suppose c - 47 = -3*g, b - 232 = -5*c - 5*g. What is the tens digit of c?
3
Let h be 6/21 + 52/14. Let z(l) = -2 - 5*l - 4 + 0 - l**2 + h. What is the units digit of z(-3)?
4
Let c(l) = l**2 + 4*l - 13. Let y = -34 + 25. What is the units digit of c(y)?
2
Let v(r) = 4*r**2 + 39*r + 228. What is the units digit of v(-7)?
1
Suppose -6*f + 6 = -12. Suppose -8 = f*s - 2, 60 = 2*i - 2*s. What is the tens digit of i?
2
Suppose y - 14 = 2*t, t - 2*t + 3 = 2*y. Suppose 0 = -2*b - y + 56. What is the units digit of b?
6
Suppose 3*q - 8*k = -5*k + 11253, 11229 = 3*q + 5*k. What is the thousands digit of q?
3
Suppose -4*g - 2*i - 2013 = -7*g, 3*g + 5*i = 1992. What is the units digit of g?
9
Let b(d) = d**3 + 516. Let w be b(0). Suppose -3*x + w = 4*j, -4*j + 2*x + 516 = -0*j. What is the units digit of j?
9
Let b(a) = a**3 - 13*a**2 + 2*a - 14. Let x be b(13). Let i(r) = 37*r - 2. Let d be i(6). Suppose 16*h = x*h + d. What is the units digit of h?
5
Let i(u) = -12*u - 75. What is the tens digit of i(-33)?
2
Let c(a) = -a - 4. Let u be c(-6). Let x be 2*u*9/12. Suppose -s = f + 2*s - 18, -4*f - x*s + 54 = 0. What is the tens digit of f?
1
What is the hundreds digit of 276 - -5 - (2 - 3)?
2
Suppose -2*i = -4*i - 96. Let r be 1932/i - 2/(-8). What is the units digit of (-243)/(-5) - 16/r?
9
Suppose 2*j - 4*r - 8 = 0, 5*j + 2 = r + 13. Suppose 0*o - j*o + c = -12, -5*c + 44 = 3*o. What is the units digit of o?
8
Let b(g) be the third derivative of g**5/4 + g**4/6 + g**3/3 + g**2. Let x be b(-4). What is the units digit of x/10 - 10/(-25)?
3
Let s be 8/16*(-4)/2. What is the tens digit of (-3997)/(-42) - s/(-6)?
9
Suppose -n + 558 = -1080. What is the tens digit of n?
3
Let q(h) = -2*h**2 + 2*h + 7. Let y be q(0). Suppose -3*v = -y*v + 5*w + 369, -3*w - 101 = -v. Suppose -3*b + 7 + v = 0. What is the units digit of b?
1
Suppose -4*o + 3*o + 7 = 0. Let s(b) = -b**2 + 6*b + 10. Let w be s(o). Suppose w*l - 5 - 19 = 0. What is the units digit of l?
8
Suppose -5*v + 36 = n, -4*n - 31 = -2*v - 3*v. Suppose v*s - 409 = -38. What is the tens digit of s?
5
Let l(q) = 117*q. Let x(a) = a**3 + 17*a**2 + 16*a + 1. Let i be x(-16). What is the tens digit of l(i)?
1
Suppose 2*g - 392 = -5*x - 1399, 3*g + 1524 = -3*x. Let l = -320 - g. What is the units digit of l?
1
What is the units digit of -334*(5 + 7/(-1))*1?
8
Let a be ((-6)/8)/(-1)*-3240. What is the tens digit of a/(-55) - (0 - 6/(-33))?
4
Let q(n) = 64*n**3 + n**2 - n + 1. Let g be q(1). Suppose -5*o - g = -520. What is the tens digit of o?
9
Let l = 1065 - 633. Suppose 0 = 5*z - z - l. What is the units digit of z?
8
Let c = 2 - 5. What is the tens digit of c + (25 - 4) + -1?
1
Let k(x) = 3*x**2 + 13*x - 17. What is the hundreds digit of k(13)?
6
Suppose 5*a = -4*a - 765. Let m = a - -173. What is the units digit of m?
8
Let f be (-1 + 9)/2 + -11. Let j be 2/4*(11 + f). Suppose -4*a = 3*m - 15 - 100, 0 = -j*m + 2. What is the tens digit of a?
2
Let p(z) = z**3 - 10*z**2 + 7*z - 9. What is the units digit of p(12)?
3
Suppose -5*w - i + 312 = 2*i, 2*w - 5*i - 100 = 0. Let b = w + -27. Let g = b - 12. What is the tens digit of g?
2
Suppose 5*g = 0, -3*h + 7*h = -5*g + 4784. What is the thousands digit of h?
1
Let s = 504 - -309. What is the units digit of s?
3
Let v(m) = m**2 + 10*m + 23. Let o be v(-5). What is the tens digit of ((-145)/o)/(3/24*4)?
4
What is the hundreds digit of 254 + 36/(42/7)?
2
Let x = 1 - 1. Suppose y = -4*y, -3*w + 9 = -2*y. Suppose 2*o + w*o - 160 = x. What is the units digit of o?
2
Suppose -1001 = -4*m + 5*n, 4*m + 4*n + 17 - 1009 = 0. What is the tens digit of m?
4
Let r = -40 - -53. Suppose -3*h - r*h = -960. What is the units digit of h?
0
Suppose 25*p + 61248 = 121*p. What is the hundreds digit of p?
6
Let x(i) = i + 4. Let w be -6 + 0*1/(-3). Let f be (-3)/((4/w)/2). What is the units digit of x(f)?
3
Let r(v) = v**3 + 11*v**2 + 2*v + 24. Let m be r(-11). Suppose 24 = d - m*n - n, -50 = -3*d - 2*n. What is the units digit of d?
8
Let i(p) = -2*p + 36. What is the units digit of i(-10)?
6
Suppose -q = -5*l + l - 536, -q + 506 = 2*l. What is the hundreds digit of q?
5
Let s(r) be the first derivative of -r**4/4 - 2*r**3/3 - r**2 - 4*r + 3. Let i be s(-2). What is the tens digit of (15 - i)/((-33)/(-55))?
2
Let f be (-3)/9 + (10052/(-12))/7. Let n = -64 - f. What is the tens digit of n?
5
Let o be (-623)/(-91) + (0 - 4/(-26)). Let w(x) = 8*x + 23. What is the tens digit of w(o)?
7
Let k = -30 + 30. Suppose k = -3*i + 12, -j = -6*j + i + 186. What is the units